{"id":18,"date":"2014-02-25T20:31:43","date_gmt":"2014-02-25T19:31:43","guid":{"rendered":"http:\/\/promusicaronsdorf.de\/neu\/?page_id=18"},"modified":"2026-02-23T09:40:14","modified_gmt":"2026-02-23T08:40:14","slug":"1-2","status":"publish","type":"page","link":"https:\/\/promusicaronsdorf.de\/?page_id=18","title":{"rendered":"aktuelles"},"content":{"rendered":"\n<h2 class=\"wp-block-heading\">Sommerkonzert 04.07.2026<\/h2>\n\n\n\n<p>B\u00dcHNE FREI: Highlights aus Film-, Musical und Popmusik<\/p>\n\n\n\n<p>Unser diesj\u00e4hriges Sommerkonzert findet am <strong>04.07.2026 um 15.30 Uhr<\/strong> in der Lutherkirche &#8211; Ev. Kirchengemeinde Ronsdorf (Bandwirkerstr. 15, 42369 Wuppertal) statt.<\/p>\n\n\n\n<figure class=\"wp-block-image size-large\"><img loading=\"lazy\" decoding=\"async\" width=\"683\" height=\"1024\" src=\"https:\/\/promusicaronsdorf.de\/neu\/wp-content\/uploads\/2026\/02\/image-683x1024.png\" alt=\"\" class=\"wp-image-1083\" srcset=\"https:\/\/promusicaronsdorf.de\/neu\/wp-content\/uploads\/2026\/02\/image-683x1024.png 683w, https:\/\/promusicaronsdorf.de\/neu\/wp-content\/uploads\/2026\/02\/image-200x300.png 200w, https:\/\/promusicaronsdorf.de\/neu\/wp-content\/uploads\/2026\/02\/image-768x1152.png 768w, https:\/\/promusicaronsdorf.de\/neu\/wp-content\/uploads\/2026\/02\/image.png 1025w\" sizes=\"auto, (max-width: 683px) 100vw, 683px\" \/><\/figure>\n\n\n\n<figure class=\"wp-block-gallery has-nested-images columns-default is-cropped wp-block-gallery-1 is-layout-flex wp-block-gallery-is-layout-flex\"><\/figure>\n\n\n\n<h2 class=\"wp-block-heading\"><strong>Lust auf Musik, Gemeinschaft und gute Laune? Unser Chor sucht DICH!<\/strong><\/h2>\n\n\n\n<p>Du singst gerne, vielleicht unter der Dusche, im Auto oder einfach heimlich f\u00fcr dich?<br \/>Dann komm doch mal raus aus dem Bad und rein in den Chor!<\/p>\n\n\n\n<p>Egal ob jung oder jung geblieben, ob ge\u00fcbt oder Neuling, jede Stimme z\u00e4hlt!<\/p>\n\n\n\n<p>Besonders herzlich willkommen sind M\u00e4nnerstimmen, denn davon kann man nie genug haben.<\/p>\n\n\n\n<p>Was dich bei uns erwartet:<br \/>&#8211; Regelm\u00e4\u00dfige, fr\u00f6hliche Proben mit jeder Menge Spa\u00df<br \/>&#8211; Stimmf\u00f6rderung durch professionelle Stimmbildung<br \/>&#8211; Auftritte mit G\u00e4nsehaut und Lampenfieber (im besten Sinne!)<br \/>&#8211; Chorfahrten und Wochenenden voller Musik &amp; Gemeinschaft<br \/>&#8211; Weihnachtsfeiern, bei denen wir nicht nur singen<br \/>&#8211; Und ganz nebenbei: Singen ist gut f\u00fcr K\u00f6rper, Geist und Seele!<\/p>\n\n\n\n<p>Also trau dich, komm vorbei u. sing mit, wir freuen uns auf neue Stimmen und neue Gesichter! <\/p>\n\n\n\n<p class=\"has-text-align-center\"><strong>Remscheider Str. 8 in 42369 Wuppertal (Probenraum St. Joseph)<br \/>montags 18 Uhr<br \/>Bitte vorher telefonisch oder auch per WhatsApp Kontakt aufnehmen unter: <\/strong><\/p>\n\n\n\n<p class=\"has-text-align-center\"><strong>J\u00f6rg Rosky 015772199444<br \/>Weitere Infos auf Facebook <\/strong><\/p>\n\n\n\n<p class=\"has-text-align-center\"><strong>https:\/\/www.facebook.com\/share\/1HSTLw2iYE\/?mibextid=wwXIfr<\/strong><\/p>\n\n\n\n<p class=\"has-text-align-center\"><\/p>\n\n\n\n<p><\/p>\n\n\n\n<h2 class=\"wp-block-heading\"><\/h2>\n\n\n\n<p><\/p>\n\n\n\n<figure class=\"wp-block-gallery has-nested-images columns-default is-cropped wp-block-gallery-2 is-layout-flex wp-block-gallery-is-layout-flex\"><\/figure>\n\n\n\n<h2 class=\"wp-block-heading\"><\/h2>\n\n\n\n<figure class=\"wp-block-gallery has-nested-images columns-default is-cropped wp-block-gallery-3 is-layout-flex wp-block-gallery-is-layout-flex\"><\/figure>\n\n\n\n<p><\/p>\n\n\n\n<figure class=\"wp-block-gallery has-nested-images columns-default is-cropped wp-block-gallery-4 is-layout-flex wp-block-gallery-is-layout-flex\"><\/figure>\n\n\n\n<figure class=\"wp-block-gallery has-nested-images columns-default is-cropped wp-block-gallery-5 is-layout-flex wp-block-gallery-is-layout-flex\"><\/figure>\n\n\n\n<p><\/p>\n\n\n\n<p class=\"has-text-align-center\"><strong><mark style=\"background-color:#eadaa6\" class=\"has-inline-color has-red-color\"><\/mark><\/strong><\/p>\n\n\n\n<figure class=\"wp-block-gallery has-nested-images columns-default is-cropped wp-block-gallery-6 is-layout-flex wp-block-gallery-is-layout-flex\"><\/figure>\n\n\n\n<p><\/p>\n","protected":false},"excerpt":{"rendered":"<p>Sommerkonzert 04.07.2026 B\u00dcHNE FREI: Highlights aus Film-, Musical und Popmusik Unser diesj\u00e4hriges Sommerkonzert findet am 04.07.2026 um 15.30 Uhr in der Lutherkirche &#8211; Ev. Kirchengemeinde Ronsdorf (Bandwirkerstr. 15, 42369 Wuppertal) statt. Lust auf Musik, Gemeinschaft und gute Laune? Unser Chor sucht DICH! Du singst gerne, vielleicht unter der Dusche, im Auto oder einfach heimlich f\u00fcr &hellip; <a href=\"https:\/\/promusicaronsdorf.de\/?page_id=18\" class=\"more-link\"><span class=\"screen-reader-text\">aktuelles<\/span> weiterlesen <span class=\"meta-nav\">&rarr;<\/span><\/a><\/p>\n","protected":false},"author":1,"featured_media":0,"parent":0,"menu_order":1,"comment_status":"closed","ping_status":"closed","template":"","meta":{"footnotes":""},"class_list":["post-18","page","type-page","status-publish","hentry"],"_links":{"self":[{"href":"https:\/\/promusicaronsdorf.de\/index.php?rest_route=\/wp\/v2\/pages\/18","targetHints":{"allow":["GET"]}}],"collection":[{"href":"https:\/\/promusicaronsdorf.de\/index.php?rest_route=\/wp\/v2\/pages"}],"about":[{"href":"https:\/\/promusicaronsdorf.de\/index.php?rest_route=\/wp\/v2\/types\/page"}],"author":[{"embeddable":true,"href":"https:\/\/promusicaronsdorf.de\/index.php?rest_route=\/wp\/v2\/users\/1"}],"replies":[{"embeddable":true,"href":"https:\/\/promusicaronsdorf.de\/index.php?rest_route=%2Fwp%2Fv2%2Fcomments&post=18"}],"version-history":[{"count":134,"href":"https:\/\/promusicaronsdorf.de\/index.php?rest_route=\/wp\/v2\/pages\/18\/revisions"}],"predecessor-version":[{"id":1085,"href":"https:\/\/promusicaronsdorf.de\/index.php?rest_route=\/wp\/v2\/pages\/18\/revisions\/1085"}],"wp:attachment":[{"href":"https:\/\/promusicaronsdorf.de\/index.php?rest_route=%2Fwp%2Fv2%2Fmedia&parent=18"}],"curies":[{"name":"wp","href":"https:\/\/api.w.org\/{rel}","templated":true}]}}